ors of 512469299.
197, 2601367
List the prime factors of 48000994.
2, 2621, 9157
What are the prime factors of 87563049?
3, 7, 53, 11239
List the prime factors of 10347263.
23, 281, 1601
List the prime factors of 4787208042.
2, 3, 19, 251, 293, 571
What are the prime factors of 197768822?
2, 98884411
List the prime factors of 219778021.
219778021
What are the prime factors of 1162754558?
2, 7, 23, 223, 16193
List the prime factors of 44191896.
2, 3, 7, 263047
What are the prime factors of 136257706?
2, 13, 5240681
List the prime factors of 226061799.
3, 71, 1061323
What are the prime factors of 105946066?
2, 43, 1097, 1123
What are the prime factors of 3092640454?
2, 33413, 46279
What are the prime factors of 637429870?
2, 5, 7, 11, 41, 61, 331
List the prime factors of 103567417.
17, 541, 11261
What are the prime factors of 3114293160?
2, 3, 5, 11, 214483
List the prime factors of 1516816783.
29, 83, 630169
List the prime factors of 105874457.
13, 79, 103091
What are the prime factors of 717709?
313, 2293
List the prime factors of 51593715.
3, 5, 23, 79, 631
What are the prime factors of 2269464077?
73, 1831, 16979
List the prime factors of 29357603.
11, 19, 7393
What are the prime factors of 11209227?
3, 3736409
What are the prime factors of 136660296?
2, 3, 23, 29, 8537
List the prime factors of 15154136.
2, 1894267
List the prime factors of 466136007.
3, 53, 281, 10433
List the prime factors of 4879537591.
17, 53, 5415691
What are the prime factors of 1478460372?
2, 3, 613, 200987
List the prime factors of 307264268.
2, 23, 311, 10739
What are the prime factors of 553118023?
553118023
List the prime factors of 1511324432.
2, 94457777
List the prime factors of 208371891.
3, 7, 13, 763267
List the prime factors of 280221694.
2, 113, 1239919
List the prime factors of 400759918.
2, 13, 15413843
List the prime factors of 213388731.
3, 37, 211, 3037
What are the prime factors of 5734400149?
43, 133358143
What are the prime factors of 96344961?
3, 32114987
List the prime factors of 43342144.
2, 73, 9277
What are the prime factors of 5048070961?
71, 73, 359, 2713
List the prime factors of 55693672.
2, 23, 53, 5711
What are the prime factors of 342773631?
3, 53, 718603
List the prime factors of 662095995.
3, 5, 11, 4012703
List the prime factors of 156516240.
2, 3, 5, 61, 10691
What are the prime factors of 169673391?
3, 61, 309059
What are the prime factors of 74581898?
2, 5651, 6599
List the prime factors of 137095342.
2, 1559, 43969
List the prime factors of 3056036148.
2, 3, 11, 2572421
List the prime factors of 3865949911.
107, 1877, 19249
List the prime factors of 96241802.
2, 19, 557, 4547
List the prime factors of 202539212.
2, 59, 858217
List the prime factors of 2578062228.
2, 3, 7, 191, 160687
List the prime factors of 877649711.
31, 4093, 6917
List the prime factors of 6808964620.
2, 5, 23, 31, 59, 8093
List the prime factors of 2195698613.
3023, 726331
What are the prime factors of 198638212?
2, 23, 409, 5279
What are the prime factors of 106608180?
2, 3, 5, 7, 43, 5903
List the prime factors of 458280703.
19, 24120037
List the prime factors of 713620434.
2, 3, 31, 3836669
List the prime factors of 56372598.
2, 3, 193, 601
List the prime factors of 2388130114.
2, 17, 61, 67733
What are the prime factors of 25687946?
2, 12843973
List the prime factors of 319859287.
11, 29078117
List the prime factors of 11222231.
61, 183971
List the prime factors of 212796481.
212796481
List the prime factors of 706491875.
5, 37, 137, 223
What are the prime factors of 4005553824?
2, 3, 1259, 11047
What are the prime factors of 2091548184?
2, 3, 11, 7922531
List the prime factors of 1211178732.
2, 3, 100931561
What are the prime factors of 1725377402?
2, 7, 3229, 38167
What are the prime factors of 7209886?
2, 3604943
What are the prime factors of 710344741?
347, 443, 4621
List the prime factors of 22881883.
3457, 6619
List the prime factors of 3941601003.
3, 437955667
List the prime factors of 20926219.
601, 34819
List the prime factors of 574096920.
2, 3, 5, 4784141
List the prime factors of 64836225.
3, 5, 53, 5437
List the prime factors of 50284515.
3, 5, 181, 18521
List the prime factors of 2439067277.
2439067277
What are the prime factors of 542401927?
59, 9193253
List the prime factors of 112250161.
769, 145969
What are the prime factors of 318523725?
3, 5, 13, 36299
List the prime factors of 728350889.
7, 149, 397, 1759
What are the prime factors of 28791984?
2, 3, 13, 46141
List the prime factors of 106141009.
13, 8164693
What are the prime factors of 358829357?
373, 962009
What are the prime factors of 63219419?
63219419
List the prime factors of 771047351.
229, 673, 5003
What are the prime factors of 102548533?
102548533
List the prime factors of 298709712.
2, 3, 7, 401, 739
What are the prime factors of 24400814?
2, 17, 197, 3643
List the prime factors of 914397462.
2, 3, 11, 17, 271657
What are the prime factors of 272652957?
3, 223, 135851
List the prime factors of 768736393.
359, 1283, 1669
What are the prime factors of 89965348?
2, 11, 31, 65957
What are the prime factors of 18467586?
2, 3, 421, 2437
List the prime factors of 18963921.
3, 6321307
What are the prime factors of 1226293511?
1226293511
What are the prime factors of 367688394?
2, 3, 97, 251, 839
What are the prime factors of 3994760586?
2, 3, 665793431
List the prime factors of 218462345.
5, 47, 929627
What are the prime factors of 13911441?
3, 211, 21977
List the prime factors of 2371477344.
2, 3, 2693, 9173
List the prime factors of 40584434.
2, 11, 1844747
What are the prime factors of 112386981?
3, 7, 5351761
What are the prime factors of 47740517?
11, 317, 13691
What are the prime factors of 51599014?
2, 25799507
List the prime factors of 675235862.
2, 7, 31, 397, 3919
What are the prime factors of 610256648?
2, 47, 1623023
List the prime factors of 59926419.
3, 7, 317071
What are the prime factors of 55128362?
2, 29, 761, 1249
What are the prime factors of 21347416?
2, 2668427
List the prime factors of 983450533.
13, 211, 358531
List the prime factors of 461691136.
2, 29, 62189
What are the prime factors of 1076736964?
2, 193, 1394737
What are the prime factors of 2971132520?
2, 5, 74278313
List the prime factors of 519426037.
13, 39955849
What are the prime factors of 645894970?
2, 5, 7, 23, 223, 257
What are the prime factors of 4142697324?
2, 3, 345224777
List the prime factors of 1565420295.
3, 5, 104361353
List the prime factors of 2876322.
2, 3, 479387
List the prime factors of 169182569.
1831, 92399
List the prime factors of 562268709.
3, 499, 4637
List the prime factors of 258949065.
3, 5, 23, 193, 3889
List the prime factors of 3163771645.
5, 22811, 27739
What are the prime factors of 496287531?
3, 55143059
What are the prime factors of 3996693868?
2, 359, 2783213
What are the prime factors of 3243608045?
5, 83, 313, 24971
List the prime factors of 108674725.
5, 4346989
List the prime factors of 2145690180.
2, 3, 5, 139, 191, 449
What are the prime factors of 4257325?
5, 170293
List the prime factors of 7004909398.
2, 17, 19, 1049, 10337
What are the prime factors of 4891933298?
2, 7, 109, 211, 15193
What are the prime factors of 40183462?
2, 11, 1826521
List the prime factors of 610202529.
3, 67800281
What are the prime factors of 7566602?
2, 89, 42509
List the prime factors of 3380806198.
2, 7, 11, 67, 327661
What are the prime factors of 1061808181?
7, 89, 1704347
What are the prime factors of 53444862?
2, 3, 83, 431
What are the prime factors of 145123761?
3, 48374587
List the prime factors of 148256784.
2, 3, 13, 26399
List the prime factors of 42648113.
67, 636539
List the prime factors of 229799784.
2, 3, 491, 19501
What are the prime factors of 71800680?
2, 3, 5, 7, 12211
List the prime factors of 268586403.
3, 89528801
What are the prime factors of 11657037?
3, 7, 555097
What are the prime factors of 5890870657?
7, 79, 103, 103423
List the prime factors of 266509856.
2, 239, 34847
List the prime factors of 7933390853.
19, 37, 1117, 10103
List the prime factors of 597801712.
2, 19, 311, 6323
List the prime factors of 547647123.
3, 182549041
What are the prime factors of 2845212748?
2, 7, 101614741
What are the prime factors of 2004555094?
2, 1033, 9